remainder when 32 is divided by h?
2
Let v = -11 + 20. Calculate the remainder when 11 is divided by 8/12*v/2.
2
Let x(i) = i**3 + 16*i**2 - 28*i - 8. What is the remainder when x(-17) is divided by 18?
17
Let o be ((-56)/12)/((-2)/6). Let h(c) = 2*c**3 + 1. What is the remainder when h(2) is divided by (-4)/14 - (-88)/o?
5
Suppose -4*j = 5*l - 16, -j = -6*j - 4*l + 29. Suppose -6*p - 2*u + 52 - 14 = 0, -5 = -5*u. Calculate the remainder when j is divided by p.
3
Suppose p + 6*c = 4*c + 27, -15 = -p + c. Suppose 5*w + t = 364, 79*w - 84*w + 362 = 3*t. What is the remainder when w is divided by p?
16
Let h(z) = -170*z + 3. Calculate the remainder when h(-2) is divided by 27.
19
Let m = 6 + -1. Suppose -m - 1 = -l. Calculate the remainder when 3/(-5) - 0 - 348/(-30) is divided by l.
5
Let s(z) = z**3 - 3*z**2 + 11. What is the remainder when 86 is divided by s(3)?
9
Let a = -69 + 83. Calculate the remainder when 27 is divided by (176/a - 5) + (-3)/(-7).
3
Suppose 33*j + 1476 = 27*j. Let f = 347 + j. Suppose 5*i + 11 = l, 3*i + 26 + 69 = 4*l. What is the remainder when f is divided by l?
23
Suppose 9*m = -93 + 552. What is the remainder when 180 is divided by m?
27
Suppose -q - 180 = -2*y - 281, -181 = -2*q + y. Let t = 7 + -4. Suppose 3*f + 2*l + t*l = 51, 3*f = 3*l + 75. Calculate the remainder when q is divided by f.
21
Let i(y) = y**2 - 2*y + 25. Suppose 0 = -2*s - 6*s - s. Calculate the remainder when 39 is divided by i(s).
14
Suppose 0 = -17*a + 14*a + 96. Let z = 41 - a. What is the remainder when 28 is divided by z?
1
Let g(o) = -6 + 3 - 3*o - 25. Calculate the remainder when 11 is divided by g(-11).
1
Suppose -314 + 263 = -x. Calculate the remainder when 182 is divided by x.
29
Suppose 78*i - 74*i = 120. Suppose -3*j - p + 26 = 0, 0*p = 3*j + 3*p - 30. Calculate the remainder when i is divided by j.
6
Suppose 4 + 1 = 4*i - 5*o, -o = -i + 1. Suppose -3*c + 2 = -2*c + b, 4*c - 2*b - 20 = i. What is the remainder when 28 is divided by c?
0
Calculate the remainder when 393 is divided by (-18 - 665/(-38))/(1/(-158)).
77
Let d(q) = q + 98. What is the remainder when d(-15) is divided by 46?
37
Suppose 30 - 93 = -3*g. Let u(h) = 81*h + 2. Suppose 7*o + 7 = 14. What is the remainder when u(o) is divided by g?
20
Calculate the remainder when (2/(-1))/((-344)/328 + 1) is divided by 22.
19
Let c(n) = 4*n**2 + 15*n - 61. What is the remainder when c(3) is divided by 3?
2
Let d(z) = 7*z - 2. Calculate the remainder when -11 + 3 - 0 - 18312/(-56) is divided by d(6).
39
Let c = 173 - 551. What is the remainder when 69 is divided by c/(-10) + -8*(-6)/(-60)?
32
What is the remainder when 186 is divided by 22/77 + (-145)/(-7)?
18
Suppose -64 - 62 = -6*n. What is the remainder when n is divided by 11?
10
Let h = 157 - 74. What is the remainder when 404 is divided by h?
72
Let p(v) = 89*v - 176*v + 4*v**2 + 92*v - 3*v**2. Calculate the remainder when 117 is divided by p(-8).
21
Let p(a) = 4*a**2 + 33*a + 3. Let c = 89 - 34. What is the remainder when c is divided by p(-9)?
25
Let t(r) = -r**3 + 6*r**2 + 9*r - 10. Let u be t(9). What is the remainder when 2 + 60 + 9/((-9)/3) is divided by 2/3 + u/(-12)?
14
Let g(o) = 2*o**2 + 10*o + 6. Let i be g(-4). Calculate the remainder when 10/i - (0 - 21) is divided by 5.
1
Suppose 61*x - 53*x = 168. Calculate the remainder when 139 is divided by x.
13
Suppose 2*w + 2*w = -2*j - 4, -5*w = -2*j + 41. Suppose -3 = 5*l - j*l. What is the remainder when l is divided by -18 - -18 - -1*1?
0
Let z = -253 - -302. Calculate the remainder when 161 is divided by z.
14
Suppose -4*x - 8 - 7 = -3*z, -25 = -x - 5*z. Let c(q) = q**3 + q + 99. What is the remainder when c(x) is divided by (0 + (-18)/(-30))/(3/85)?
14
Suppose -278 = -5*x - c, -3*c = x - 0 - 50. Calculate the remainder when 240 is divided by x.
16
Let q be 3*(-3)/((-6)/10). Let u = q + 0. Let w(z) = 3*z**2 + 2*z + 2. What is the remainder when w(4) is divided by u?
13
Let f = -189 - -196. Calculate the remainder when f is divided by 2.
1
Suppose 0 = 4*d - 3*d - 16. Let o(q) = 30*q**3 + 2*q - 1. What is the remainder when o(1) is divided by d?
15
Let v be (-168)/(-36)*(9/2 + 0). Suppose -v*p = -25*p + 16. Calculate the remainder when 31 is divided by p.
3
Suppose 0 = 5*n - o - 95, 2*n - 41 = 3*o - 2*o. What is the remainder when 143 is divided by n?
17
Suppose -11*i + 0*i = -154. What is the remainder when 139 is divided by i?
13
Suppose -4*l = 2*p - 252, -2*p = -l - 1 + 54. Suppose 0 = 4*i - o - 0*o - 88, 0 = 4*o. What is the remainder when l is divided by i?
17
Let f = 0 + 11. Suppose v + f - 39 = -y, -4*y - 5*v + 115 = 0. Suppose -29 = -3*n - 4*c, n + n + 2*c - 18 = 0. What is the remainder when y is divided by n?
4
Let x(f) = 4*f**2 + 3*f - 4. Let d be x(3). What is the remainder when 161 is divided by (d/(-2))/(5/(-10))?
38
Let u be -1 + 122/2 - 1. Suppose 4 = -5*z + u. Calculate the remainder when z is divided by 6.
5
Suppose 5*r - 26 + 1 = 0. Suppose 16 = x + 2*q, 0 = 3*x - 2*x + 4*q - 14. Calculate the remainder when r is divided by (x/18)/(1/3).
2
Suppose 4*g - g + 63 = -3*y, 0 = -3*y + 3*g - 93. Calculate the remainder when 24 is divided by (-143)/y - (0 - (-2)/4).
4
Suppose 2*k = m - 491, 2*k + m + 729 = -k. Let j = -115 - k. Suppose 5*x = 146 + j. What is the remainder when x is divided by 19?
17
Suppose 3*u + h + 0 = 22, -3*u + 10 = -2*h. Let y(g) = 3*g - 4. Let x be y(u). Let o = x + 14. What is the remainder when o is divided by 11?
6
Suppose 4*l - 65 = -l. Suppose -2*p + 14 = 2*i, 0*i = -5*i + 3*p + 19. What is the remainder when l is divided by i?
3
Let g be 2/(-2) - (-130 + 9). Suppose -5*o = -2*o - g. Calculate the remainder when o is divided by 6.
4
Suppose -5*h - 271 - 139 = 0. Let v = -55 - h. Calculate the remainder when v is divided by 8.
3
Let y(c) = c**3 - 13*c**2 - 12*c + 41. What is the remainder when y(14) is divided by 19?
12
What is the remainder when 29 is divided by 150/675 - 7*2/(-18)?
0
Suppose -3*z + 6 = -z. Suppose -9 = -2*r - z. Suppose 0 = -3*a - 15, 0 = -l - r*l - 2*a + 214. Calculate the remainder when l is divided by 20.
16
Suppose -2*w + 21 = q - 7, 0 = 5*w + 15. Calculate the remainder when 83 is divided by q.
15
Let o be 35/5 + (-2)/2. Suppose 12 = -4*q + 5*r, 4*r - 3*r = 5*q - o. What is the remainder when 6 is divided by q?
0
Let p(a) = -a**2 - 7*a + 22. Let u = 30 + -14. Let o = u + -8. What is the remainder when p(-7) is divided by o?
6
Let x be 10/25 + (-28)/(-5) + 1. Suppose l = -l + 8. Suppose -x*o + 75 = -l*o. Calculate the remainder when 47 is divided by o.
22
Let m = 17 + -13. Suppose 4*b + m*t = 8*t + 132, -63 = -2*b + t. Calculate the remainder when 88 is divided by b.
28
Suppose 7*y - 292 - 121 = 0. Suppose 13 = p - y. Calculate the remainder when p is divided by 25.
22
Suppose 4*x + 221*f = 222*f + 313, 5*x - 2*f = 395. Calculate the remainder when 278 is divided by x.
47
Calculate the remainder when 3 - -9 - 696/(-3) is divided by 9.
1
Let l(f) = f**2 - 5*f - 22. Let v be l(9). Let h = -14 + v. Suppose 2*q = -10, h*i - 3*i = 5*q - 68. Calculate the remainder when i is divided by 17.
14
Let g(s) = s**3 - s + 10. Suppose -2*n + 285 = 5*y, 3*y + 3*n + 32 = 203. Suppose 3*j + 0*j = y. What is the remainder when j is divided by g(0)?
9
Suppose -5*o + h + 10 = -46, 52 = 5*o - 2*h. Let k = 6 - 9. Calculate the remainder when 1 - 10*(1 + k) is divided by o.
9
Suppose 1074 = -0*n - 3*n. What is the remainder when -2*4/16 - n/4 is divided by (1 - 0)/1 + 17?
17
Let v(n) = 53*n**2 + 1. Calculate the remainder when v(1) is divided by ((-6)/(-10))/(15/175).
5
Let p = -31 + 48. Suppose -r = r - 276. Suppose 2*z - r = -42. Calculate the remainder when z is divided by p.
14
Let o = 1 + 3. Suppose 5*p - 52*p + 94 = 0. Suppose -4*h + 413 = -o*y + 153, -p*y = 3*h - 170. What is the remainder when h is divided by 21?
18
Let l(d) = -4*d**2 - d. Let m be l(-1). What is the remainder when (-5 + 2 - -48) + m is divided by 1680/77 - (-2)/11?
20
Let g = 3 + 6. Let i(k) = k**3 - 8*k**2 - 5*k - 21. Calculate the remainder when i(g) is divided by 4.
3
Let h(s) = -s**2 + 4*s + 7. Let i be h(5). Let t(o) = -20*o + 39*o - 12*o. What is the remainder when 40 is divided by t(i)?
12
Suppose -16*k + 17*k = 74. Calculate the remainder when k is